he hundreds digit of 111686571?
5
What is the units digit of 2814111824?
4
What is the millions digit of 128521843?
8
What is the ten millions digit of 33467236?
3
What is the tens digit of 3129214170?
7
What is the ten thousands digit of 14785191?
8
What is the millions digit of 498076909?
8
What is the tens digit of 32577818?
1
What is the tens digit of 12769653?
5
What is the ten millions digit of 505061048?
0
What is the thousands digit of 20537679?
7
What is the thousands digit of 49790583?
0
What is the tens digit of 154203526?
2
What is the units digit of 4483112558?
8
What is the ten millions digit of 513786088?
1
What is the ten millions digit of 10118514?
1
What is the hundreds digit of 307107154?
1
What is the hundreds digit of 6751493?
4
What is the ten thousands digit of 212110070?
1
What is the units digit of 30224116?
6
What is the hundred thousands digit of 615936884?
9
What is the millions digit of 117009970?
7
What is the ten thousands digit of 239721885?
2
What is the millions digit of 41106701?
1
What is the thousands digit of 58392190?
2
What is the tens digit of 6127307802?
0
What is the ten millions digit of 452739646?
5
What is the thousands digit of 2054521046?
1
What is the ten thousands digit of 196256648?
5
What is the tens digit of 825517298?
9
What is the thousands digit of 1624283833?
3
What is the thousands digit of 11040724?
0
What is the units digit of 2291094411?
1
What is the hundred thousands digit of 95472992?
4
What is the units digit of 69487245?
5
What is the hundred thousands digit of 19172984?
1
What is the tens digit of 114454572?
7
What is the thousands digit of 161124397?
4
What is the hundred millions digit of 4935032573?
9
What is the units digit of 1061039776?
6
What is the ten millions digit of 201958754?
0
What is the hundred thousands digit of 94233219?
2
What is the hundreds digit of 1114356730?
7
What is the millions digit of 45935402?
5
What is the units digit of 260584930?
0
What is the millions digit of 20215747?
0
What is the ten thousands digit of 38071601?
7
What is the thousands digit of 379883288?
3
What is the ten thousands digit of 33772741?
7
What is the tens digit of 53184942?
4
What is the millions digit of 1697702590?
7
What is the units digit of 2512260267?
7
What is the ten millions digit of 4435010685?
3
What is the thousands digit of 56027955?
7
What is the millions digit of 2162592905?
2
What is the units digit of 28784690?
0
What is the thousands digit of 103551184?
1
What is the hundred millions digit of 3223949633?
2
What is the millions digit of 405887165?
5
What is the tens digit of 778360072?
7
What is the units digit of 155163236?
6
What is the millions digit of 3457576707?
7
What is the hundred thousands digit of 28216549?
2
What is the thousands digit of 312536267?
6
What is the hundreds digit of 101861368?
3
What is the hundred thousands digit of 861716705?
7
What is the ten thousands digit of 125147348?
4
What is the ten millions digit of 45757075?
4
What is the ten thousands digit of 244279742?
7
What is the tens digit of 605730820?
2
What is the ten millions digit of 288518498?
8
What is the ten millions digit of 6286022182?
8
What is the millions digit of 30391611?
0
What is the hundreds digit of 926488399?
3
What is the thousands digit of 3167325540?
5
What is the hundred thousands digit of 468973088?
9
What is the ten thousands digit of 89293366?
9
What is the thousands digit of 978992743?
2
What is the thousands digit of 414400709?
0
What is the tens digit of 80859430?
3
What is the tens digit of 67816727?
2
What is the thousands digit of 158640681?
0
What is the ten millions digit of 23265904?
2
What is the hundred thousands digit of 36433134?
4
What is the thousands digit of 153888940?
8
What is the hundreds digit of 62163817?
8
What is the tens digit of 44964007?
0
What is the hundred thousands digit of 109045386?
0
What is the units digit of 1373268281?
1
What is the ten thousands digit of 13956022?
5
What is the millions digit of 15040385?
5
What is the thousands digit of 199679059?
9
What is the ten thousands digit of 167507519?
0
What is the millions digit of 20443131?
0
What is the hundred thousands digit of 779296511?
2
What is the hundred millions digit of 6960209263?
9
What is the hundreds digit of 5231660?
6
What is the hundreds digit of 7363170316?
3
What is the tens digit of 1014625487?
8
What is the tens digit of 10865583?
8
What is the ten thousands digit of 4868229012?
2
What is the millions digit of 18530039?
8
What is the hundred millions digit of 5407486593?
4
What is the units digit of 202710369?
9
What is the ten thousands digit of 25123138?
2
What is the ten millions digit of 35695666?
3
What is the millions digit of 85397648?
5
What is the hundreds digit of 94961249?
2
What is the hundred millions digit of 118068198?
1
What is the ten thousands digit of 138166322?
6
What is the tens digit of 19567171?
7
What is the tens digit of 3422233428?
2
What is the hundred millions digit of 125220438?
1
What is the tens digit of 444846457?
5
What is the millions digit of 23160180?
3
What is the hundred thousands digit of 6668634285?
6
What is the ten thousands digit of 80875398?
7
What is the hundred thousands digit of 22416540?
4
What is the hundreds digit of 156933737?
7
What is the hundred thousands digit of 5772977?
7
What is the thousands digit of 121714255?
4
What is the hundred thousands digit of 671372989?
3
What is the units digit of 2246827489?
9
What is the hundred thousands digit of 67144758?
1
What is the ten thousands digit of 238255254?
5
What is the tens digit of 542788608?
0
What is the thousands digit of 76987587?
7
What is the thousands digit of 1799304370?
4
What is the millions digit of 218027827?
8
What is the ten millions digit of 4081267213?
8
What is the units digit of 5832578460?
0
What is the ten thousands digit of 5833330882?
3
What is the millions digit of 23943712?
3
What is the ten millions digit of 96558033?
9
What is the millions digit of 1915904843?
5
What is the hundreds digit of 1998618513?
5
What is the hundreds digit of 17566249?
2
What is the hundred thousands digit of 39424252?
4
What is the tens digit of 681865667?
6
What is the billions digit of 3726190657?
3
What is the ten millions digit of 703475504?
0
What is the hundred millions digit of 523478604?
5
What is the hundred thousands digit of 1474932980?
9
What is the ten thousands digit of 206526746?
2
What is the millions digit of 307304145?
7
What is the hundreds digit of 480265745?
7
What is the hundreds digit of 20998591?
5
What is the hundred thousands digit of 2046312079?
3
What is the units digit of 8747272?
2
What is the millions digit of 3824663?
3
What is the ten millions digit of 68196679?
6
What is the units digit of 44351081?
1
What is the hundred thousands digit of 914176464?
1
What is the hundreds digit of 52698429?
4
What is the hundreds digit of 1403192330?
3
What is the ten thousands digit of 238356238?
5
What is the millions digit of 3704861?
3
What is the units digit of 16548534?
4
What is the ten thousands digit of 124421108?
2
What is the millions digit of 210455443?
0
What is the tens digit of 115851613?
1
What is the billions digit of 1413164959?
1
What is the thousands digit of 685797435?
7
What is the hundred thousands digit of 140904427?
9
What is the hundred thousands digit of 166799793?
7
What is the thousands digit of 73132906?
2
What is the tens digit of 6147835?
3
What is the millions digit of 83922189?
3
What is the ten thousands digit of 774039694?
3
What is the hundred thousands digit of 72697391?
6
What is the ten thousands digit of 77830296?
3
What is the ten millions digit of 38850939?
3
What is the units digit of 2760785713?
3
What is the tens digit of 143847296?
9
What is the hundred thousands digit of 18192800?
1
What is the tens digit of 48867585?
8
What is the millions digit of 3278200775?
8
What is the hundreds digit of 36740315?
3
What is the ten millions digit of 61738372?
6
What is the hundred millions digit of 185823127?
1
What is the billions digit of 1423628844?
1
What is the tens digit of 248276860?
6
What is the ten thousands digit of 313420174?
2
What is the ten millions digit of 84257466?
8
